 of 7028056 and 13612?
164
Calculate the greatest common divisor of 8379 and 978138.
441
Calculate the greatest common factor of 2645429677 and 3389.
3389
Calculate the greatest common factor of 57322304 and 6.
2
What is the greatest common divisor of 8984688 and 78?
6
Calculate the highest common divisor of 2640 and 591205560.
1320
What is the highest common factor of 76 and 45068684?
76
What is the greatest common divisor of 512990 and 270811?
1193
Calculate the greatest common factor of 3842 and 2339829.
17
Calculate the highest common divisor of 33016677 and 183.
183
Calculate the greatest common factor of 259052171 and 17.
17
What is the highest common factor of 19168134 and 45522?
1686
Calculate the greatest common factor of 329 and 67718.
7
Calculate the greatest common divisor of 73839 and 6342.
453
Calculate the greatest common factor of 61249922 and 334.
334
What is the greatest common factor of 836264 and 139750?
1118
What is the greatest common factor of 45 and 28123?
1
What is the greatest common divisor of 36437796 and 2484?
2484
Calculate the highest common divisor of 453970 and 15048.
22
What is the highest common factor of 90525 and 14768?
71
What is the highest common divisor of 49 and 72552655?
7
What is the highest common factor of 162 and 9636588?
18
Calculate the greatest common divisor of 740 and 6192468.
148
Calculate the greatest common divisor of 5056 and 15493796.
316
Calculate the highest common factor of 28 and 10043516.
28
What is the highest common factor of 372899 and 416308?
523
Calculate the highest common divisor of 10655 and 1498093.
2131
What is the highest common divisor of 353154 and 2271858?
426
What is the highest common factor of 8183224 and 199500?
532
Calculate the highest common divisor of 3232 and 161539804.
404
Calculate the greatest common factor of 1056 and 128670.
6
Calculate the greatest common divisor of 281671436 and 136.
68
What is the greatest common factor of 14920 and 430680?
40
Calculate the highest common factor of 30680442 and 1062.
18
What is the greatest common factor of 284488 and 20119256?
6616
Calculate the greatest common divisor of 23 and 79515347.
23
What is the highest common divisor of 8495740 and 28566?
1058
Calculate the greatest common factor of 89323 and 3289.
13
Calculate the highest common divisor of 307825746 and 3.
3
What is the greatest common factor of 1515915 and 11340?
405
What is the greatest common factor of 440 and 154040?
40
Calculate the greatest common factor of 17 and 43193.
1
What is the greatest common divisor of 142724 and 623842?
2302
Calculate the highest common factor of 3 and 15190233.
3
Calculate the highest common divisor of 182557718 and 15974.
2282
Calculate the greatest common factor of 54912 and 95997.
33
What is the highest common factor of 475 and 2777042375?
475
Calculate the greatest common divisor of 282804640 and 30.
10
Calculate the highest common divisor of 11546 and 204981911.
5773
Calculate the greatest common divisor of 2463802 and 110836.
242
Calculate the greatest common divisor of 705 and 1052355.
15
What is the greatest common divisor of 1974 and 255314199?
987
Calculate the greatest common factor of 9325 and 4928449.
373
What is the greatest common divisor of 432 and 577040?
16
What is the greatest common divisor of 116096 and 76?
4
What is the greatest common factor of 888723 and 3561195?
6303
What is the greatest common divisor of 9243 and 2059135?
1027
What is the highest common factor of 276837456 and 7056?
2352
What is the highest common divisor of 11546 and 23417798?
502
Calculate the highest common factor of 810 and 2793749130.
810
What is the highest common factor of 563185 and 2195?
5
What is the highest common factor of 118861410 and 30?
30
Calculate the highest common factor of 119 and 3698639.
119
What is the highest common factor of 636 and 35218288?
212
Calculate the highest common factor of 3528 and 8091816.
24
What is the greatest common divisor of 3625852 and 52?
4
What is the highest common divisor of 35289126 and 7716?
3858
What is the highest common divisor of 12 and 1386623676?
12
Calculate the greatest common factor of 3 and 16498179.
3
What is the highest common divisor of 348 and 196591?
29
Calculate the highest common factor of 24258 and 61646.
26
Calculate the greatest common factor of 2737 and 4621022.
161
Calculate the highest common divisor of 384 and 5133144.
24
What is the greatest common factor of 14628 and 1047492?
636
What is the highest common factor of 1302906 and 1749?
33
What is the greatest common factor of 68454040 and 40?
40
What is the highest common factor of 2444977 and 133?
19
Calculate the highest common divisor of 154567374 and 16874.
1534
What is the greatest common factor of 3050749 and 2197?
13
Calculate the greatest common factor of 2552304 and 11568.
48
Calculate the greatest common divisor of 22393 and 28476127.
457
What is the highest common factor of 617521066 and 46?
46
Calculate the greatest common factor of 252 and 19813556.
28
Calculate the greatest common factor of 906384 and 465888.
1104
Calculate the greatest common factor of 73 and 68740669.
73
Calculate the highest common divisor of 38 and 470017269.
19
Calculate the greatest common factor of 1152 and 603156.
12
What is the greatest common divisor of 48335820 and 8370?
930
Calculate the greatest common divisor of 89009836 and 1090.
218
Calculate the highest common factor of 424 and 13051512.
8
Calculate the highest common factor of 25309673 and 1007.
53
Calculate the greatest common factor of 23770 and 329110.
10
Calculate the highest common divisor of 275762 and 2609378.
1594
What is the greatest common divisor of 1920843 and 2223?
171
Calculate the highest common factor of 3575 and 5620725.
275
What is the greatest common divisor of 20278446 and 18?
6
Calculate the highest common divisor of 510917592 and 30276.
10092
What is the highest common divisor of 126 and 54938072?
14
Calculate the highest common factor of 5485186 and 3192.
266
What is the highest common divisor of 198702 and 522?
18
Calculate the highest common divisor of 4399239 and 2535.
507
What is the greatest common divisor of 38464 and 2180428?
2404
What is the greatest common factor of 60 and 193049985?
15
Calculate the greatest common factor of 1544 and 6993548.
772
What is the highest common divisor of 113031522 and 222?
222
Calculate the highest common factor of 1441 and 732776.
11
Calculate the highest common factor of 13069572 and 1128.
564
Calculate the greatest common factor of 16945984 and 192.
64
What is the greatest common divisor of 132351 and 916566?
471
Calculate the greatest common divisor of 113054 and 2249.
1
What is the greatest common factor of 255 and 1890074535?
255
Calculate the greatest common divisor of 1607213850 and 14955.
14955
What is the greatest common factor of 4507663 and 4633?
41
Calculate the greatest common factor of 61941069 and 62.
31
Calculate the greatest common factor of 2383130176 and 5117.
5117
Calculate the greatest common factor of 1686392 and 4544.
568
What is the greatest common divisor of 26824 and 870343?
479
Calculate the greatest common factor of 64251 and 102729.
363
What is the highest common divisor of 5315274 and 32172?
2298
What is the greatest common divisor of 465222 and 50082?
102
What is the highest common factor of 2205 and 2968245?
315
What is the greatest common divisor of 164 and 84762785?
41
What is the greatest common divisor of 10274 and 1792346?
934
What is the greatest common factor of 21 and 83478906?
21
What is the greatest common divisor of 617319730 and 6333?
2111
Calculate the highest common factor of 604539 and 6786.
117
What is the greatest common factor of 1166143872 and 384?
384
Calculate the greatest common factor of 150646244 and 28.
28
Calculate the greatest common factor of 115398602 and 66.
22
What is the highest common factor of 10770 and 192113106?
2154
What is the highest common factor of 11113724 and 1756?
1756
Calculate the highest common factor of 36454 and 191686.
22
Calculate the greatest common divisor of 5832 and 330159240.
1944
Calculate the highest common divisor of 2347811 and 7163.
551
What is the highest common divisor of 380380 and 546260?
2860
Cal